{"id":184,"date":"2026-04-12T17:24:15","date_gmt":"2026-04-12T06:24:15","guid":{"rendered":"https:\/\/www.qhhtshirley.nc\/?page_id=184"},"modified":"2026-04-12T17:46:59","modified_gmt":"2026-04-12T06:46:59","slug":"temoignages","status":"publish","type":"page","link":"https:\/\/www.qhhtshirley.nc\/index.php\/temoignages\/","title":{"rendered":"T\u00e9moignages"},"content":{"rendered":"\t\t<div data-elementor-type=\"wp-page\" data-elementor-id=\"184\" class=\"elementor elementor-184\">\n\t\t\t\t<div class=\"elementor-element elementor-element-8557afe e-flex e-con-boxed e-con e-parent\" data-id=\"8557afe\" data-element_type=\"container\" data-e-type=\"container\">\n\t\t\t\t\t<div class=\"e-con-inner\">\n\t\t\t\t\t\t\t<h2 \n\t\tdata-interaction-id=\"60a453a\" \n\t\tclass=\"e-60a453a-1b053a8 e-heading-base\" \n\t\t \n\t\t\n\t>\n\t\n\t\t\tCe que disent les clients de Shirley\n\t\t<\/h2>\n\t\t<div class=\"elementor-element elementor-element-f974bc2 e-con-full e-flex e-con e-child\" data-id=\"f974bc2\" data-element_type=\"container\" data-e-type=\"container\">\n\t\t\t\t\t\t\t<h3 \n\t\tdata-interaction-id=\"d290c0a\" \n\t\tclass=\"e-d290c0a-4791e3b e-heading-base\" \n\t\t \n\t\t\n\t>\n\t\n\t\t\tDes exp\u00e9riences authentiques partag\u00e9es avec leur accord\n\t\t<\/h3>\n\t\t\t\t<\/div>\n\t\t<div class=\"elementor-element elementor-element-198f290 e-con-full e-flex e-con e-child\" data-id=\"198f290\" data-element_type=\"container\" data-e-type=\"container\">\n\t\t<div class=\"elementor-element elementor-element-f3ed770 e-grid e-con-full e-con e-child\" data-id=\"f3ed770\" data-element_type=\"container\" data-e-type=\"container\">\n\t\t\t\t<div class=\"elementor-element elementor-element-fff2656 elementor-widget elementor-widget-testimonial\" data-id=\"fff2656\" data-element_type=\"widget\" data-e-type=\"widget\" data-widget_type=\"testimonial.default\">\n\t\t\t\t\t\t\t<div class=\"elementor-testimonial-wrapper\">\n\t\t\t\t\t\t\t<div class=\"elementor-testimonial-content\">\"J'ai b\u00e9n\u00e9fici\u00e9 de l'opportunit\u00e9 d'une s\u00e9ance d'hypnose r\u00e9gressive offerte par Shirley.\nTout au long de cette s\u00e9ance qui a dur\u00e9 plusieurs heures, Shirley s'est montr\u00e9e tr\u00e8s \u00e0 l'\u00e9coute et efficace.\nJ'ai \u00e9t\u00e9 surprise de voir ressurgir des souvenirs enfouis. J'ai pu contacter mes ressentis, chose inhabituelle pour moi.\nApr\u00e8s cette s\u00e9ance, j'ai ressenti de la fatigue mais les sympt\u00f4mes\u00a0sur lesquels nous avons travaill\u00e9 ont compl\u00e8tement disparu.\nSujette aux intol\u00e9rances alimentaires, depuis cette s\u00e9ance je mange et dig\u00e8re sans probl\u00e8me !\nJ'ai beaucoup de gratitude pour Shirley et ce travail.\"\n<\/div>\n\t\t\t\n\t\t\t\t\t\t<div class=\"elementor-testimonial-meta elementor-has-image elementor-testimonial-image-position-aside\">\n\t\t\t\t<div class=\"elementor-testimonial-meta-inner\">\n\t\t\t\t\t\t\t\t\t\t\t<div class=\"elementor-testimonial-image\">\n\t\t\t\t\t\t\t<img fetchpriority=\"high\" decoding=\"async\" width=\"851\" height=\"379\" src=\"https:\/\/www.qhhtshirley.nc\/wp-content\/uploads\/2026\/04\/bandeau-facebook-arbre-QHHT-Shirley-1.jpg\" class=\"attachment-full size-full wp-image-51\" alt=\"\" srcset=\"https:\/\/www.qhhtshirley.nc\/wp-content\/uploads\/2026\/04\/bandeau-facebook-arbre-QHHT-Shirley-1.jpg 851w, https:\/\/www.qhhtshirley.nc\/wp-content\/uploads\/2026\/04\/bandeau-facebook-arbre-QHHT-Shirley-1-300x134.jpg 300w, https:\/\/www.qhhtshirley.nc\/wp-content\/uploads\/2026\/04\/bandeau-facebook-arbre-QHHT-Shirley-1-768x342.jpg 768w\" sizes=\"(max-width: 851px) 100vw, 851px\" \/>\t\t\t\t\t\t<\/div>\n\t\t\t\t\t\n\t\t\t\t\t\t\t\t\t\t<div class=\"elementor-testimonial-details\">\n\t\t\t\t\t\t\t\t\t\t\t\t\t\t<div class=\"elementor-testimonial-name\">Dominique (70 ans)<\/div>\n\t\t\t\t\t\t\t\t\t\t\t\t\t\t\t\t\t\t\t\t\t\t<div class=\"elementor-testimonial-job\">Patient<\/div>\n\t\t\t\t\t\t\t\t\t\t\t\t\t<\/div>\n\t\t\t\t\t\t\t\t\t<\/div>\n\t\t\t<\/div>\n\t\t\t\t\t<\/div>\n\t\t\t\t\t\t<\/div>\n\t\t\t\t<div class=\"elementor-element elementor-element-5717777 elementor-widget elementor-widget-testimonial\" data-id=\"5717777\" data-element_type=\"widget\" data-e-type=\"widget\" data-widget_type=\"testimonial.default\">\n\t\t\t\t\t\t\t<div class=\"elementor-testimonial-wrapper\">\n\t\t\t\t\t\t\t<div class=\"elementor-testimonial-content\">\" Un grand merci \u00e0 Shirley pour m'avoir accompagn\u00e9 \u00e0 un moment o\u00f9 j'en avais vraiment besoin. \nGr\u00e2ce \u00e0 Shirley, j'ai pris de la hauteur sur ma vie, j'ai repris confiance en moi, j'ai retrouv\u00e9 de la s\u00e9r\u00e9nit\u00e9 pour moi-m\u00eame et en l\u2019avenir de ce pays. \nSon accompagnement est parfait, elle est \u00e0 l'\u00e9coute et elle est de bon conseil. \nJe suis partie en hypnose tr\u00e8s facilement et j'ai beaucoup appris sur mon pass\u00e9, mes autres vies.\n J'ai d'ailleurs plusieurs fois recommand\u00e9 Shirley \u00e0 des personnes qui souhaitent \u00e9voluer. \nEncore merci Shirley.\"<\/div>\n\t\t\t\n\t\t\t\t\t\t<div class=\"elementor-testimonial-meta elementor-has-image elementor-testimonial-image-position-aside\">\n\t\t\t\t<div class=\"elementor-testimonial-meta-inner\">\n\t\t\t\t\t\t\t\t\t\t\t<div class=\"elementor-testimonial-image\">\n\t\t\t\t\t\t\t<img fetchpriority=\"high\" decoding=\"async\" width=\"851\" height=\"379\" src=\"https:\/\/www.qhhtshirley.nc\/wp-content\/uploads\/2026\/04\/bandeau-facebook-arbre-QHHT-Shirley-1.jpg\" class=\"attachment-full size-full wp-image-51\" alt=\"\" srcset=\"https:\/\/www.qhhtshirley.nc\/wp-content\/uploads\/2026\/04\/bandeau-facebook-arbre-QHHT-Shirley-1.jpg 851w, https:\/\/www.qhhtshirley.nc\/wp-content\/uploads\/2026\/04\/bandeau-facebook-arbre-QHHT-Shirley-1-300x134.jpg 300w, https:\/\/www.qhhtshirley.nc\/wp-content\/uploads\/2026\/04\/bandeau-facebook-arbre-QHHT-Shirley-1-768x342.jpg 768w\" sizes=\"(max-width: 851px) 100vw, 851px\" \/>\t\t\t\t\t\t<\/div>\n\t\t\t\t\t\n\t\t\t\t\t\t\t\t\t\t<div class=\"elementor-testimonial-details\">\n\t\t\t\t\t\t\t\t\t\t\t\t\t\t<div class=\"elementor-testimonial-name\">Ana\u00efg (39 ans)<\/div>\n\t\t\t\t\t\t\t\t\t\t\t\t\t\t\t\t\t\t\t\t\t\t<div class=\"elementor-testimonial-job\">Patiente<\/div>\n\t\t\t\t\t\t\t\t\t\t\t\t\t<\/div>\n\t\t\t\t\t\t\t\t\t<\/div>\n\t\t\t<\/div>\n\t\t\t\t\t<\/div>\n\t\t\t\t\t\t<\/div>\n\t\t\t\t<div class=\"elementor-element elementor-element-77aacfe elementor-widget elementor-widget-testimonial\" data-id=\"77aacfe\" data-element_type=\"widget\" data-e-type=\"widget\" data-widget_type=\"testimonial.default\">\n\t\t\t\t\t\t\t<div class=\"elementor-testimonial-wrapper\">\n\t\t\t\t\t\t\t<div class=\"elementor-testimonial-content\">\n\u00ab\u00a0Tout d\u2019abord, quelle merveilleuse rencontre avec Shirley que je remercie encore pour son \u00e9coute, sa bienveillance et son amour\u00a0!\nBien que ma s\u00e9ance d\u2019hypnose f\u00fbt plut\u00f4t \u00e9prouvante, elle m\u2019a permis d\u2019\u00e9clairer des zones d\u2019ombre et de m\u2019apporter des r\u00e9ponses.\nUne d\u00e9couverte de soi que je compte bien poursuivre lors d\u2019une prochaine s\u00e9ance avec Shirley qui a touch\u00e9 mon coeur\u2026\u00a0\u00bb<\/div>\n\t\t\t\n\t\t\t\t\t\t<div class=\"elementor-testimonial-meta elementor-has-image elementor-testimonial-image-position-aside\">\n\t\t\t\t<div class=\"elementor-testimonial-meta-inner\">\n\t\t\t\t\t\t\t\t\t\t\t<div class=\"elementor-testimonial-image\">\n\t\t\t\t\t\t\t<img fetchpriority=\"high\" decoding=\"async\" width=\"851\" height=\"379\" src=\"https:\/\/www.qhhtshirley.nc\/wp-content\/uploads\/2026\/04\/bandeau-facebook-arbre-QHHT-Shirley-1.jpg\" class=\"attachment-full size-full wp-image-51\" alt=\"\" srcset=\"https:\/\/www.qhhtshirley.nc\/wp-content\/uploads\/2026\/04\/bandeau-facebook-arbre-QHHT-Shirley-1.jpg 851w, https:\/\/www.qhhtshirley.nc\/wp-content\/uploads\/2026\/04\/bandeau-facebook-arbre-QHHT-Shirley-1-300x134.jpg 300w, https:\/\/www.qhhtshirley.nc\/wp-content\/uploads\/2026\/04\/bandeau-facebook-arbre-QHHT-Shirley-1-768x342.jpg 768w\" sizes=\"(max-width: 851px) 100vw, 851px\" \/>\t\t\t\t\t\t<\/div>\n\t\t\t\t\t\n\t\t\t\t\t\t\t\t\t\t<div class=\"elementor-testimonial-details\">\n\t\t\t\t\t\t\t\t\t\t\t\t\t\t<div class=\"elementor-testimonial-name\">Dominique (63 ans)<\/div>\n\t\t\t\t\t\t\t\t\t\t\t\t\t\t\t\t\t\t\t\t\t\t<div class=\"elementor-testimonial-job\">Patient<\/div>\n\t\t\t\t\t\t\t\t\t\t\t\t\t<\/div>\n\t\t\t\t\t\t\t\t\t<\/div>\n\t\t\t<\/div>\n\t\t\t\t\t<\/div>\n\t\t\t\t\t\t<\/div>\n\t\t\t\t<div class=\"elementor-element elementor-element-647528a elementor-widget elementor-widget-testimonial\" data-id=\"647528a\" data-element_type=\"widget\" data-e-type=\"widget\" data-widget_type=\"testimonial.default\">\n\t\t\t\t\t\t\t<div class=\"elementor-testimonial-wrapper\">\n\t\t\t\t\t\t\t<div class=\"elementor-testimonial-content\">\u00ab\u00a0Ma s\u00e9ance d\u2019hypnose QHHT a \u00e9t\u00e9 une exp\u00e9rience unique pour moi. \nTout d\u2019abord, Shirley a \u00e9t\u00e9 tr\u00e8s \u00e0 l\u2019\u00e9coute de mon parcours de vie et apr\u00e8s un long entretien, elle a su rep\u00e9rer les points bloquants chez moi et sur lesquels je devais travailler pour avancer. \nJ\u2019ai eu la chance de faire deux s\u00e9ances\u00a0: la premi\u00e8re a \u00e9t\u00e9 un voyage extraordinaire dans mes vies ant\u00e9rieures qui m\u2019a permis de comprendre beaucoup de choses sur mon parcours et sur le but de ma vie. \nLa seconde a \u00e9t\u00e9 encore plus vibrante, j\u2019ai pu voyager et faire des rencontres incroyables avec laquelle je me suis connect\u00e9. \nCette s\u00e9ance m\u2019a finalement rassur\u00e9e sur notre \u00e9volution et sur notre avenir dans notre monde en pleine transformation. \nCela m\u2019a rendu plus serein. Shirley a su me guider pendant toute la s\u00e9ance d\u2019hypnose avec tout son c\u0153ur et son amour, gr\u00e2ce \u00e0 sa maitrise de la technique QHHT et aussi \u00e0 ses intuitions. \nMerci \u00e0 toi pour ton travail, Shirley et continue \u00e0 \u00e9veiller nos consciences pour l\u2019\u00e9volution de notre monde.\u00a0\u00bb<\/div>\n\t\t\t\n\t\t\t\t\t\t<div class=\"elementor-testimonial-meta elementor-has-image elementor-testimonial-image-position-aside\">\n\t\t\t\t<div class=\"elementor-testimonial-meta-inner\">\n\t\t\t\t\t\t\t\t\t\t\t<div class=\"elementor-testimonial-image\">\n\t\t\t\t\t\t\t<img fetchpriority=\"high\" decoding=\"async\" width=\"851\" height=\"379\" src=\"https:\/\/www.qhhtshirley.nc\/wp-content\/uploads\/2026\/04\/bandeau-facebook-arbre-QHHT-Shirley-1.jpg\" class=\"attachment-full size-full wp-image-51\" alt=\"\" srcset=\"https:\/\/www.qhhtshirley.nc\/wp-content\/uploads\/2026\/04\/bandeau-facebook-arbre-QHHT-Shirley-1.jpg 851w, https:\/\/www.qhhtshirley.nc\/wp-content\/uploads\/2026\/04\/bandeau-facebook-arbre-QHHT-Shirley-1-300x134.jpg 300w, https:\/\/www.qhhtshirley.nc\/wp-content\/uploads\/2026\/04\/bandeau-facebook-arbre-QHHT-Shirley-1-768x342.jpg 768w\" sizes=\"(max-width: 851px) 100vw, 851px\" \/>\t\t\t\t\t\t<\/div>\n\t\t\t\t\t\n\t\t\t\t\t\t\t\t\t\t<div class=\"elementor-testimonial-details\">\n\t\t\t\t\t\t\t\t\t\t\t\t\t\t<div class=\"elementor-testimonial-name\">Emmanuel (56 ans)<\/div>\n\t\t\t\t\t\t\t\t\t\t\t\t\t\t\t\t\t\t\t\t\t\t<div class=\"elementor-testimonial-job\">Patient<\/div>\n\t\t\t\t\t\t\t\t\t\t\t\t\t<\/div>\n\t\t\t\t\t\t\t\t\t<\/div>\n\t\t\t<\/div>\n\t\t\t\t\t<\/div>\n\t\t\t\t\t\t<\/div>\n\t\t\t\t<div class=\"elementor-element elementor-element-b3f1e84 elementor-widget elementor-widget-testimonial\" data-id=\"b3f1e84\" data-element_type=\"widget\" data-e-type=\"widget\" data-widget_type=\"testimonial.default\">\n\t\t\t\t\t\t\t<div class=\"elementor-testimonial-wrapper\">\n\t\t\t\t\t\t\t<div class=\"elementor-testimonial-content\">\u00ab\u00a0Shirley a pris le temps pour que nous fassions connaissance, ainsi que celui de r\u00e9pondre \u00e0 toutes mes questions, car elles \u00e9taient nombreuses.\u00a0\nQuand j\u2019ai \u00e9t\u00e9 pr\u00eate nous avons d\u00e9but\u00e9 la s\u00e9ance, qui a \u00e9t\u00e9 pleine de surprises!\u00a0\nJ\u2019ai d\u00e9couvert, me suis rappel\u00e9, ai \u00e9t\u00e9 confort\u00e9e dans des aspects de ma vie qui ne m\u2019apparaissaient pas jusqu\u2019alors.\u00a0\nJe suis all\u00e9e explorer des aspects de moi insoup\u00e7onn\u00e9s\u2026 et inattendus.\u00a0\nJe suis sortie de l\u00e0 chamboul\u00e9e car l\u2019exp\u00e9rience a \u00e9t\u00e9 tr\u00e8s dense.\u00a0\nJe n\u2019avais pas r\u00e9ellement d\u2019attentes particuli\u00e8res, mais j\u2019ai la sensation d\u2019avoir d\u00e9couvert mon \u00ab moi \u00bb profond, et d\u2019avoir \u00e9t\u00e9 confort\u00e9e dans mon \u00eatre.\u00a0\nJe suis plus s\u00fbre de moi aujourd\u2019hui.\u00a0\nC\u2019\u00e9tait une exp\u00e9rience unique et inattendue.\u00a0\u00bb\n<\/div>\n\t\t\t\n\t\t\t\t\t\t<div class=\"elementor-testimonial-meta elementor-has-image elementor-testimonial-image-position-aside\">\n\t\t\t\t<div class=\"elementor-testimonial-meta-inner\">\n\t\t\t\t\t\t\t\t\t\t\t<div class=\"elementor-testimonial-image\">\n\t\t\t\t\t\t\t<img fetchpriority=\"high\" decoding=\"async\" width=\"851\" height=\"379\" src=\"https:\/\/www.qhhtshirley.nc\/wp-content\/uploads\/2026\/04\/bandeau-facebook-arbre-QHHT-Shirley-1.jpg\" class=\"attachment-full size-full wp-image-51\" alt=\"\" srcset=\"https:\/\/www.qhhtshirley.nc\/wp-content\/uploads\/2026\/04\/bandeau-facebook-arbre-QHHT-Shirley-1.jpg 851w, https:\/\/www.qhhtshirley.nc\/wp-content\/uploads\/2026\/04\/bandeau-facebook-arbre-QHHT-Shirley-1-300x134.jpg 300w, https:\/\/www.qhhtshirley.nc\/wp-content\/uploads\/2026\/04\/bandeau-facebook-arbre-QHHT-Shirley-1-768x342.jpg 768w\" sizes=\"(max-width: 851px) 100vw, 851px\" \/>\t\t\t\t\t\t<\/div>\n\t\t\t\t\t\n\t\t\t\t\t\t\t\t\t\t<div class=\"elementor-testimonial-details\">\n\t\t\t\t\t\t\t\t\t\t\t\t\t\t<div class=\"elementor-testimonial-name\">Isabelle <\/div>\n\t\t\t\t\t\t\t\t\t\t\t\t\t\t\t\t\t\t\t\t\t\t<div class=\"elementor-testimonial-job\">Patiente<\/div>\n\t\t\t\t\t\t\t\t\t\t\t\t\t<\/div>\n\t\t\t\t\t\t\t\t\t<\/div>\n\t\t\t<\/div>\n\t\t\t\t\t<\/div>\n\t\t\t\t\t\t<\/div>\n\t\t\t\t<div class=\"elementor-element elementor-element-a3d54af elementor-widget elementor-widget-testimonial\" data-id=\"a3d54af\" data-element_type=\"widget\" data-e-type=\"widget\" data-widget_type=\"testimonial.default\">\n\t\t\t\t\t\t\t<div class=\"elementor-testimonial-wrapper\">\n\t\t\t\t\t\t\t<div class=\"elementor-testimonial-content\">\u00ab\u00a0Shirley est une personne humainement g\u00e9n\u00e9reuse, bienveillante et au rayonnement communicatif, si bien que je me suis sentie \u00e0 l'aise et confiante d\u00e8s le d\u00e9but. \nPendant la premi\u00e8re partie de la s\u00e9ance quand je faisais le r\u00e9cit de ma vie, sa perspicacit\u00e9 lui faisait poser les bonnes questions aux bons moments, avec beaucoup d'intelligence et d'acuit\u00e9.\nEntrer dans un \u00e9tat modifi\u00e9 de conscience n'a pas \u00e9t\u00e9 simple mais les recommandations expertes de Shirley, son timbre de voix, la prosodie, m'ont fait glisser... La s\u00e9ance d'hypnose en elle-m\u00eame m'a conduite dans des moments de vies, actuelle et ant\u00e9rieure, significatifs et d\u00e9terminants, dont l'un douloureux, pour lequel Shirley m'a guid\u00e9e avec beaucoup d'empathie. \nDes pi\u00e8ces de puzzle se sont assembl\u00e9es, des questionnements ont trouv\u00e9 r\u00e9ponse.... pour au final me sentir lib\u00e9r\u00e9e, lourde et l\u00e9g\u00e8re \u00e0 la fois, avec l'impression que le temps s'\u00e9tait arr\u00eat\u00e9.\u00a0\u00a0\nJ'ai recommand\u00e9 la s\u00e9ance \u00e0 3 amis qui ont aussi v\u00e9cu l\u2019exp\u00e9rience comme un grand nettoyage. Merci Shirley !\u00a0\u00bb<\/div>\n\t\t\t\n\t\t\t\t\t\t<div class=\"elementor-testimonial-meta elementor-has-image elementor-testimonial-image-position-aside\">\n\t\t\t\t<div class=\"elementor-testimonial-meta-inner\">\n\t\t\t\t\t\t\t\t\t\t\t<div class=\"elementor-testimonial-image\">\n\t\t\t\t\t\t\t<img fetchpriority=\"high\" decoding=\"async\" width=\"851\" height=\"379\" src=\"https:\/\/www.qhhtshirley.nc\/wp-content\/uploads\/2026\/04\/bandeau-facebook-arbre-QHHT-Shirley-1.jpg\" class=\"attachment-full size-full wp-image-51\" alt=\"\" srcset=\"https:\/\/www.qhhtshirley.nc\/wp-content\/uploads\/2026\/04\/bandeau-facebook-arbre-QHHT-Shirley-1.jpg 851w, https:\/\/www.qhhtshirley.nc\/wp-content\/uploads\/2026\/04\/bandeau-facebook-arbre-QHHT-Shirley-1-300x134.jpg 300w, https:\/\/www.qhhtshirley.nc\/wp-content\/uploads\/2026\/04\/bandeau-facebook-arbre-QHHT-Shirley-1-768x342.jpg 768w\" sizes=\"(max-width: 851px) 100vw, 851px\" \/>\t\t\t\t\t\t<\/div>\n\t\t\t\t\t\n\t\t\t\t\t\t\t\t\t\t<div class=\"elementor-testimonial-details\">\n\t\t\t\t\t\t\t\t\t\t\t\t\t\t<div class=\"elementor-testimonial-name\">St\u00e9phanie (46 ans)<\/div>\n\t\t\t\t\t\t\t\t\t\t\t\t\t\t\t\t\t\t\t\t\t\t<div class=\"elementor-testimonial-job\">Patiente<\/div>\n\t\t\t\t\t\t\t\t\t\t\t\t\t<\/div>\n\t\t\t\t\t\t\t\t\t<\/div>\n\t\t\t<\/div>\n\t\t\t\t\t<\/div>\n\t\t\t\t\t\t<\/div>\n\t\t\t\t<\/div>\n\t\t\t\t<\/div>\n\t\t\t\t\t<\/div>\n\t\t\t\t<\/div>\n\t\t<div class=\"elementor-element elementor-element-7d09481 e-flex e-con-boxed e-con e-parent\" data-id=\"7d09481\" data-element_type=\"container\" data-e-type=\"container\">\n\t\t\t\t\t<div class=\"e-con-inner\">\n\t\t<div class=\"elementor-element elementor-element-fe3e778 e-con-full e-flex e-con e-child\" data-id=\"fe3e778\" data-element_type=\"container\" data-e-type=\"container\">\n\t\t<div class=\"elementor-element elementor-element-4f159e3 e-grid e-con-full e-con e-child\" data-id=\"4f159e3\" data-element_type=\"container\" data-e-type=\"container\" data-settings=\"{&quot;background_background&quot;:&quot;classic&quot;}\">\n\t\t\t\t\t\t\t<h2 \n\t\tdata-interaction-id=\"07e12f8\" \n\t\tclass=\"e-07e12f8-fd30a9d e-heading-base\" \n\t\t \n\t\t\n\t>\n\t\n\t\t\tPr\u00eate \u00e0 vivre votre propre exp\u00e9rience ?\n\t\t<\/h2>\n\t\t<div class=\"elementor-element elementor-element-4f46d18 e-con-full e-flex e-con e-child\" data-id=\"4f46d18\" data-element_type=\"container\" data-e-type=\"container\">\n\t\t\t\t\t    \t            <a\n            \t\t\thref=\"https:\/\/www.qhhtshirley.nc\/index.php\/tarifs-contact\/\"\n        target=\"_self\"\n            class=\"e-c31cc02-2936bce e-button-base\"\n            data-interaction-id=\"c31cc02\"\n             \n        >\n            Prendre rendez-vous\n        <\/a>\n    \t\t\t\t<\/div>\n\t\t\t\t<\/div>\n\t\t\t\t<\/div>\n\t\t\t\t\t<\/div>\n\t\t\t\t<\/div>\n\t\t\t\t<\/div>\n\t\t","protected":false},"excerpt":{"rendered":"<p>Ce que disent les clients de Shirley Des exp\u00e9riences authentiques partag\u00e9es avec leur accord \u00ab\u00a0J&rsquo;ai b\u00e9n\u00e9fici\u00e9 de l&rsquo;opportunit\u00e9 d&rsquo;une s\u00e9ance [&hellip;]<\/p>\n","protected":false},"author":1,"featured_media":0,"parent":0,"menu_order":0,"comment_status":"closed","ping_status":"closed","template":"","meta":{"site-sidebar-layout":"no-sidebar","site-content-layout":"","ast-site-content-layout":"full-width-container","site-content-style":"default","site-sidebar-style":"default","ast-global-header-display":"","ast-banner-title-visibility":"","ast-main-header-display":"","ast-hfb-above-header-display":"","ast-hfb-below-header-display":"","ast-hfb-mobile-header-display":"","site-post-title":"","ast-breadcrumbs-content":"","ast-featured-img":"disabled","footer-sml-layout":"","ast-disable-related-posts":"","theme-transparent-header-meta":"","adv-header-id-meta":"","stick-header-meta":"","header-above-stick-meta":"","header-main-stick-meta":"","header-below-stick-meta":"","astra-migrate-meta-layouts":"default","ast-page-background-enabled":"default","ast-page-background-meta":{"desktop":{"background-color":"var(--ast-global-color-5)","background-image":"","background-repeat":"repeat","background-position":"center center","background-size":"auto","background-attachment":"scroll","background-type":"","background-media":"","overlay-type":"","overlay-color":"","overlay-opacity":"","overlay-gradient":""},"tablet":{"background-color":"","background-image":"","background-repeat":"repeat","background-position":"center center","background-size":"auto","background-attachment":"scroll","background-type":"","background-media":"","overlay-type":"","overlay-color":"","overlay-opacity":"","overlay-gradient":""},"mobile":{"background-color":"","background-image":"","background-repeat":"repeat","background-position":"center center","background-size":"auto","background-attachment":"scroll","background-type":"","background-media":"","overlay-type":"","overlay-color":"","overlay-opacity":"","overlay-gradient":""}},"ast-content-background-meta":{"desktop":{"background-color":"var(--ast-global-color-4)","background-image":"","background-repeat":"repeat","background-position":"center center","background-size":"auto","background-attachment":"scroll","background-type":"","background-media":"","overlay-type":"","overlay-color":"","overlay-opacity":"","overlay-gradient":""},"tablet":{"background-color":"var(--ast-global-color-4)","background-image":"","background-repeat":"repeat","background-position":"center center","background-size":"auto","background-attachment":"scroll","background-type":"","background-media":"","overlay-type":"","overlay-color":"","overlay-opacity":"","overlay-gradient":""},"mobile":{"background-color":"var(--ast-global-color-4)","background-image":"","background-repeat":"repeat","background-position":"center center","background-size":"auto","background-attachment":"scroll","background-type":"","background-media":"","overlay-type":"","overlay-color":"","overlay-opacity":"","overlay-gradient":""}},"footnotes":""},"class_list":["post-184","page","type-page","status-publish","hentry"],"_links":{"self":[{"href":"https:\/\/www.qhhtshirley.nc\/index.php\/wp-json\/wp\/v2\/pages\/184","targetHints":{"allow":["GET"]}}],"collection":[{"href":"https:\/\/www.qhhtshirley.nc\/index.php\/wp-json\/wp\/v2\/pages"}],"about":[{"href":"https:\/\/www.qhhtshirley.nc\/index.php\/wp-json\/wp\/v2\/types\/page"}],"author":[{"embeddable":true,"href":"https:\/\/www.qhhtshirley.nc\/index.php\/wp-json\/wp\/v2\/users\/1"}],"replies":[{"embeddable":true,"href":"https:\/\/www.qhhtshirley.nc\/index.php\/wp-json\/wp\/v2\/comments?post=184"}],"version-history":[{"count":13,"href":"https:\/\/www.qhhtshirley.nc\/index.php\/wp-json\/wp\/v2\/pages\/184\/revisions"}],"predecessor-version":[{"id":201,"href":"https:\/\/www.qhhtshirley.nc\/index.php\/wp-json\/wp\/v2\/pages\/184\/revisions\/201"}],"wp:attachment":[{"href":"https:\/\/www.qhhtshirley.nc\/index.php\/wp-json\/wp\/v2\/media?parent=184"}],"curies":[{"name":"wp","href":"https:\/\/api.w.org\/{rel}","templated":true}]}}